 - o/(-5).
11
Let h(j) = 6 - 3*j**3 - 2*j**2 + 4*j**3 - 4*j**2 - 6*j. What are the prime factors of h(7)?
13
Let o = -10 + 14. Suppose -30 = -2*a - 0*a + 4*c, 0 = 4*a - o*c - 40. What are the prime factors of a?
5
Let f(i) = i**2 - 4*i - 5. Let k be ((-14)/(-6))/((-3)/(-9)). What are the prime factors of f(k)?
2
Let z be -15*(-3)/(10 - 1). Suppose -z*n + 2 = -2*a, -4*n + 19 = 3*a - 1. Suppose 0 = -n*v - 5*r + 8 + 8, 5*r - 4 = 2*v. What are the prime factors of v?
3
Let o(m) = m**2 - 7*m + 2. Let d be o(12). Let x = d + -37. Suppose l - 21 = -2*w, -4*l + x + 38 = w. What are the prime factors of l?
3, 5
Suppose -3*a + 2*c + 969 = 0, -3*a + 506 = 2*c - 463. List the prime factors of a.
17, 19
Let s be (0 + 6)*(-3)/(-9). Suppose -b + 57 = s*w, 0*w + 159 = 5*w - 3*b. Suppose -5*a + w = -0*a. List the prime factors of a.
2, 3
Let l be 1 + 1 + (1 - -2). Suppose -5*o - 4*q + 88 + 39 = 0, -l*o + 106 = -3*q. What are the prime factors of o?
23
Let y(f) = -f**3 + 18*f**2 - 18*f + 55. What are the prime factors of y(16)?
3, 31
Let c(y) = 13*y - 12. What are the prime factors of c(6)?
2, 3, 11
Let s = 26 + -24. List the prime factors of (205/(-10))/((-1)/s).
41
Suppose 15 - 3 = n + 4*w, -4*n + 28 = -4*w. Let r = n + -3. Suppose -r*t - 5*o + 65 = 0, 0 = 4*t - 3*o - 44 + 13. What are the prime factors of t?
2, 5
Let l = 64 + -46. List the prime factors of 14/(-63) + 346/l.
19
List the prime factors of 3 - (1 + (2 - 4)).
2
What are the prime factors of 8/5*15/2?
2, 3
Let g(c) be the second derivative of -9*c**5/10 + c**4/12 + c**3/3 + c**2/2 - 3*c. List the prime factors of g(-1).
2, 3
Let b be 0/((-2)/((-1)/(-1))). Suppose -t - 4*g + 43 = b, 86 = 2*t - 4*g + g. List the prime factors of t.
43
Let z(f) be the first derivative of f**3/3 + 7*f**2/2 + 8*f - 1. List the prime factors of z(-10).
2, 19
Suppose 5*s + 79 = 279. Suppose 28 = 4*u - s. What are the prime factors of u?
17
Let h be -1 + 4 + -1 + 2. Let p = h + 13. Let o = p + -11. What are the prime factors of o?
2, 3
What are the prime factors of 19 + 7/((-28)/(-16))?
23
Let u be 2 + 0 + 6 + 1. Let l(o) be the first derivative of o**4/4 - 8*o**3/3 - 3*o**2 - 11*o + 4. What are the prime factors of l(u)?
2
Let q(u) = -u**2 - 3. Let o be q(0). What are the prime factors of o - 0/(-4) - -24?
3, 7
Let h be (-1)/(-1 + (-8)/(-10)). Suppose 2*z = 3*b + 2, -5 = -h*b + 5. List the prime factors of z.
2
Let x(c) = c**2 - 13*c + 15. Let k(v) = -v**3 + 5*v**2 + 2*v + 2. Let y be k(5). What are the prime factors of x(y)?
3
Let y = 83 - 29. List the prime factors of y.
2, 3
Let s(n) = -2*n. Let x be s(-2). Suppose x*l = -i + 106, 22 + 20 = 2*l - 5*i. Suppose 3*a = -2*q + l, -29 = -3*a - 0*a - 5*q. What are the prime factors of a?
2
Let f(v) = 2*v + 3. Let n be f(-3). What are the prime factors of (n + 1)/2 + 8?
7
Let v(r) = -10*r**2 + 2*r + 2. Let m be v(-2). List the prime factors of ((-14)/6 - -2)*m.
2, 7
Let x be (-3 + 2)*(16 - 1). Let a = -8 - x. What are the prime factors of a*3 - (-1 + 4)?
2, 3
Let a = -23 + 16. What are the prime factors of 1*-1*(-4 + a)?
11
Let i(z) = 7*z - 1. What are the prime factors of i(3)?
2, 5
Let l(t) = -8*t**3 + 2*t - 1. Let i be l(1). Let f(s) = s**3 + 8*s**2 + 6*s. What are the prime factors of f(i)?
7
Let s be 4/6 - (-10)/(-15). List the prime factors of (s - -16)/(19 - 17).
2
Suppose 0 = -4*x + 4*v, 4*x - 25 = v - 2*v. Suppose 5*d - 1 = -2*p, -x*p - 2*d - 1 = 7. List the prime factors of 117/6*p/(-3).
13
Let s(z) = z**3 + 6*z**2 + 4*z + 7. Suppose -20 = 3*c + 2*c. Let b(n) = n**2 + 5*n - 1. Let k be b(c). List the prime factors of s(k).
2, 3
Let i = 7 - 4. Suppose i*k = 4*s - 67, -6*s + s + 82 = -2*k. List the prime factors of s.
2
Let j(i) = -2*i - 6. Let s be j(-6). Let w be s/(-8) - 247/(-4). Suppose 3*m = p + 36, 2*m - w = -2*m - 3*p. What are the prime factors of m?
13
Suppose 50 = -c + 3*c. Let d = c + -39. Let r = 25 + d. What are the prime factors of r?
11
Suppose -b - 216 = -6*b + 2*t, -5*b - 2*t + 224 = 0. Suppose 0 = -3*n + 5*x + 46, n - 4*n + 4*x = -b. Let r = -10 + n. List the prime factors of r.
2
Let p(t) = t - 8. Let h be p(8). Let d = h - -4. List the prime factors of d.
2
Let l(w) = -50*w. List the prime factors of l(-1).
2, 5
Let s = -19 + 33. Let m = s + -9. List the prime factors of m.
5
Let z(m) = -4*m + 1. Let u = 6 - 7. Let c be z(u). Suppose 101 = c*n - 2*g, 34 = n + g - 6*g. What are the prime factors of n?
19
Suppose 5*o - 3*x - 2*x + 25 = 0, -4*o + 3*x = 15. Suppose o = u + u - 22. List the prime factors of u.
11
Suppose -l - 3*l + 3*f = 0, 2*l = f. Suppose l = p + 2*p - 6. List the prime factors of p.
2
Let b = 0 - -7. Suppose 0 = 5*i + 5*h - 8 - b, -3*i - 5*h = -3. Let r = 0 + i. What are the prime factors of r?
2, 3
Suppose h = -h - 2*d + 56, 4*d + 104 = 5*h. List the prime factors of h.
2, 3
Let h(y) = -y - 4. Let j be h(-6). Suppose j*d = 3*d - 6. List the prime factors of d.
2, 3
Suppose 8*z - 474 = 5*z. List the prime factors of z.
2, 79
Let o be ((-6)/(-4))/((-2)/(-4)). What are the prime factors of 2*-22*o/(-12)?
11
Let z(o) = o + 3. Let v be 3*1 - (9 - 6). Let l be z(v). Suppose 70 = l*p + 2*p. What are the prime factors of p?
2, 7
Let d be -2 + (-1 + 2 - -6). Let w be (0 + 3 - d) + 38. Let y = w - 26. List the prime factors of y.
2, 5
Let c(u) = 2*u**2 + 2*u - 1. Let o be c(1). Suppose -3*a = -o, -2*v + 3*v - 2*a = 11. List the prime factors of v.
13
Let z(c) = c**3 + 2*c**2 - 3*c + 1. Let n be z(2). Suppose -3*h = -2*i + 24 + n, -3*h + 15 = 3*i. List the prime factors of i.
2, 5
Let v(d) = -d**2 - 5*d - 5. Let c be v(-3). List the prime factors of 1 + 48 + 4/c.
53
Let z(p) = 4*p**2 + 2*p + 1. List the prime factors of z(-3).
31
Let i(b) = -b**2 - 8*b + 4. Let g be i(-8). Suppose -23 = -3*m - v - 0*v, -4*m = -g*v - 52. List the prime factors of m.
3
Let z(w) = w**2 + 8*w - 13. Suppose 2*c - 13 = -39. What are the prime factors of z(c)?
2, 13
Let p(z) = z**3 - 3*z**2 + 4*z - 4. Let x be p(3). Let k be 146/x + (-3)/12. Suppose 2*a + 0*a - b - k = 0, 52 = 5*a + b. What are the prime factors of a?
2, 5
Let y(d) = -3 + 3*d**2 + 3 - 7 - 2*d. List the prime factors of y(3).
2, 7
Let p = 27 - 11. List the prime factors of p.
2
Let y be (-3)/(-12) + (-1)/4. Suppose -l + 2*r - 11 = y, 8*l + r + 66 = 3*l. Let n = 22 + l. List the prime factors of n.
3
Suppose 3*f = -0*f + 30. List the prime factors of f.
2, 5
Let w(n) = -n - 2. Let k be w(12). Let r be k/(-6) + 2/(-6). Suppose 0 = r*j - 3*j + 2. What are the prime factors of j?
2
Suppose -5*k - 32 = -k. List the prime factors of (-5)/(5/k) + -2.
2, 3
Suppose -5*l - 5 = 2*s, s + 4 = -3*l + 2. Let u be (l - 15/(-6))*2. Suppose 0 = -r + u. List the prime factors of r.
7
Let j = 7 - 3. Suppose -j*d + 0*d = -24. List the prime factors of d.
2, 3
Suppose m + 4 + 14 = 2*a, 5*m + 13 = -a. Suppose 2*r - a*r - 5*w = -60, 2*r - 10 = 5*w. List the prime factors of r.
2, 5
Suppose -f = -0*f - 2. Suppose 0*k - k + f = 0. Suppose -2*d - 2*u - 7 = 3*u, -k = -3*d - 5*u. What are the prime factors of d?
3
Suppose 34 = 5*r - 66. Suppose -5*x + z = -r, -4*z - 2 = -x + 2. What are the prime factors of x?
2
Suppose -u - 216 = -3*s, s + 0*s - 68 = -u. What are the prime factors of s?
71
Let o(t) = 10*t + 10. Let h be o(7). List the prime factors of ((-8)/20)/((-2)/h).
2
Suppose -g + 21 = 2*c - 4*g, 5*g - 17 = -c. Suppose c*s - 135 = 7*s. Suppose -2*i - 3 = -s. What are the prime factors of i?
2, 3
Let f = 28 + -5. Let r = 18 + f. List the prime factors of r.
41
Let q be (-6*(-2)/(-4))/(-1). Suppose 19 = z + q. List the prime factors of z.
2
Let u(x) = x**2 - 3*x + 2. Let b be u(3). Suppose 0 = b*s - j, s + 3*s + j = 12. List the prime factors of s.
2
Let z(r) = r**3 - 4*r**2 - 5. Let d be z(4). Let q be 7*1 + 6 + d. What are the prime factors of 9/(-4)*(4 - q)?
3
Let r(b) = 3*b**2 - 3*b - 3. What are the prime factors of r(-2)?
3, 5
Let b(y) = 3*y**2 - 12*y - 13. What are the prime factors of b(-8)?
5, 11
Suppose -2*m = m - 21. Let c(z) = -4*z + 5*z**2 - 10 - 2*z**2 - 2*z**2. List the prime factors of c(m).
11
Let h = 33 - 17. What are the prime factors of h?
2
Let l = -1 - -9. Let j = -5 + l. Suppose -4*k + 5 = -j*k. List the prime factors of k.
5
Suppose 3*w + 39 = 6*w. Suppose -2*h = 3 - w. What are the prime factors